 2*j**2 + 2*j. Let f be c(-1). Let p(h) = 41*h**2 - 11*h + 14. Let t be p(f). Suppose 3*k + 0*v = 5*v + t, -689 = -k - 2*v. Is k prime?
False
Is -2 + (65778 - 13) - 6/3 a composite number?
False
Suppose -8*x + 16 = 5*f - 4*x, x - 4 = -3*f. Let s(n) be the second derivative of -n**3/6 + 4391*n**2/2 - n. Is s(f) composite?
False
Suppose -3*l = 28*l - 204941. Suppose -d + 3*d = -2*j + 4410, -3*j = d - l. Is j a composite number?
False
Let f(t) = 20*t**2 + 6*t + 27. Let u be f(-4). Let k = -244 + u. Is k a composite number?
False
Let k be (-2)/(6/(-109287)) - -4. Suppose 0 = 3*m, b - 3*m - k = -6*m. Is b a prime number?
True
Suppose -79*j = -56*j - 73922. Suppose 0*a = -4*a + 428. Suppose 2*x - j = -4*s, -x - s + a = -1497. Is x prime?
True
Let d(f) = -5*f**2 + 12 + 4*f**2 - 10*f - 16. Let y be d(-9). Is (-1)/y - 2872/(-10) prime?
False
Suppose -5*b - 2*b = -322. Let r = -28 + b. Is -2*5*3*(-237)/r composite?
True
Let u(i) = -13*i + 13 + 12*i + 5. Let h be u(11). Suppose -2*x + h*x = -3*j + 2180, -5 = j. Is x a composite number?
False
Let w be (12/14)/(4/28). Let l(u) = -57 + 30*u - 22 - 26 + 74. Is l(w) composite?
False
Suppose -n = -5*p + 279981, -71*p + 5*n - 56017 = -72*p. Is p a prime number?
True
Suppose 9*g = 15*g + 3*g. Suppose 0 = -b - 5*f + 167, b + 5*f - 179 = 6*f. Is b + ((g/2)/(-3))/(-3) composite?
True
Let m(f) = 51*f**2 - 15*f - 17. Is m(-17) prime?
False
Is 180618 - ((-33)/(-44))/((-3)/36) prime?
False
Let a(j) = -11 - 6 - 196*j + 0. Is a(-7) prime?
False
Let u(s) = -627*s**3 - s**2 - 3*s + 2. Let h be u(-2). Suppose -8*z + 4*z = -3*m - h, 3*z - 3*m - 3765 = 0. Suppose 9*n = 10*n - z. Is n prime?
False
Suppose 18265*d = 18268*d - 1749. Is d a prime number?
False
Let j(x) = x**3 - 18*x**2 - 16. Let m(h) = -6*h**3 + 90*h**2 - h + 79. Let a(y) = -11*j(y) - 2*m(y). Is a(-11) composite?
True
Let o(x) be the first derivative of x**3/3 + x**2/2 + 22. Let h(b) = -b**3 + b**2 - b - 2. Let n(c) = -h(c) - 2*o(c). Is n(7) composite?
False
Suppose -3*i + 21 = 4*t, 0*i + i - t = 0. Suppose 0 = -i*a - 0*a - 3*d + 2571, -3*a = 4*d - 2575. Is a prime?
True
Let i(v) = 15*v**2 - 2*v - 3. Let o = -25 - -25. Suppose o = -6*k - 1 - 59. Is i(k) a composite number?
True
Let z(b) = 33 - 2*b + 9*b**2 - 19 + 8 + 17. Is z(36) composite?
True
Suppose 808666 - 1814189 = -94*o + 6925915. Is o composite?
False
Suppose 7*x - 912339 = 163358. Suppose -x = -84*l + 77*l. Is l composite?
True
Let l(v) = 30*v**2 - 17 - 5 - 5 + 5*v + 2*v. Is l(14) composite?
True
Suppose -6*s + 12969 = -3*s + 3*m, 2*s = 3*m + 8666. Let v = s + -2274. Is v composite?
False
Let h(f) = f**3 - 12*f**2 + 2*f - 26. Let q be h(12). Let t = -36 + 33. Is (267 + q + t)/2 a composite number?
False
Let o = 26401 + 27700. Is o prime?
True
Is ((-1591)/774 - (-20)/(-45))*132982/(-5) a prime number?
True
Suppose 180 = -5*o + 5*j, -3*o + 18 - 101 = 2*j. Let l be o*(-3 + 1 + 1). Suppose -1477 = -l*w + 24*w. Is w composite?
False
Let h(g) = g**2 - g - 2. Let s(u) = 3*u**2 + 94*u + 10. Let r(z) = -2*h(z) + s(z). Is r(33) composite?
False
Suppose -8*z + 6*z - 89 = -3*r, 0 = 5*r + 4*z - 141. Let u = r - 32. Is -2*(u - -5) + 179*3 a prime number?
False
Suppose y - 4*q - 6 = 0, 4*q = -4*y - 0*q - 16. Is y + (-48)/(-18) - (-2719)/3 a prime number?
True
Is (-240)/(-840)*(-9646602)/(-4) prime?
False
Suppose 12*m = 17*m - 30. Is (164/6)/(0 + m/711) prime?
False
Suppose 4*n - 20 - 12 = 0. Is 1965 + 6/(-12)*n prime?
False
Suppose -5*v = -4*v - 4. Suppose -2*s - 4*x + 174 = 0, -2*s + 7*x = v*x - 174. Let b = 184 - s. Is b prime?
True
Let g(c) = 3867*c + 171. Let l be g(5). Is (6*l/24)/(3/2) a composite number?
False
Let u be (-1)/(-11) + (-6 - 178/22). Is -3 + 25452 + (-6 - u) a composite number?
False
Let w(b) = -70*b + 11. Let z(f) = -4*f - 1. Let t(v) = -7*v - 3. Let l(s) = -3*t(s) + 5*z(s). Let y be l(-10). Is w(y) a prime number?
True
Suppose 2*m - 12 = -3*f, 0 = m + 5*f - 2*f - 12. Suppose -3*c + 65019 = 2*d + 2474, m = 3*c - d - 62530. Suppose 6*s - c = -5*s. Is s composite?
True
Let w = 920 + -575. Suppose -2*d + 313 = -w. Is d composite?
True
Suppose -288 = 4*d + 5*y, -3 = -y + 1. Let q = d - -77. Suppose -t - 20*t + 22827 = q. Is t prime?
True
Let l = -12208 + 18279. Suppose -16 = -4*z, 3*d + z - l = -4*z. Is d a composite number?
False
Suppose -h + 6741 = -5*v, 11 - 6 = 5*h. Let b = v - -2549. Is b composite?
False
Let k = 298373 - -36230. Is k a composite number?
False
Suppose z = -307*z + 28461972. Is z a prime number?
False
Suppose -4*i + 4*p = -24344, -i - 5*p + 12151 = i. Suppose -6*j + i = -5863. Is j a prime number?
False
Let w(b) = 54*b + 166. Let i be w(-3). Suppose -4*j - 8*y + 5*y + 59311 = 0, 4*j = -i*y + 59312. Is j composite?
False
Suppose -15*a + 2*a + 39 = 0. Let m(t) = 3 - 3738*t - a + 3704*t + 21*t**2. Is m(7) prime?
False
Let t = -478 - -278. Let w = t + 233. Is w a prime number?
False
Let j = 46 + -44. Let w(t) = 228*t**2 - 7*t + 9. Is w(j) a composite number?
False
Suppose -40*s + 4560603 = -1649946 + 599149. Is s prime?
False
Let p = 43 - 3. Let m be 1/((-27)/6) - (-2088)/(-81). Let n = p + m. Is n prime?
False
Let z = 107 + -5. Suppose z = d - 2*s + 6*s, 4*s = -16. Let a = d - 84. Is a composite?
True
Suppose 0 = 5*v + 2*f - 9, -3*f - 9 = -4*v - 4*f. Suppose 0 = -2*z - v*z + 11750. Suppose -4*l - 3*h + 1377 = -530, 5*l - 3*h = z. Is l a prime number?
False
Let x(q) = -q**3 - 2*q**2 - q - 1. Let b(c) = -8*c**3 - 24*c**2 - 24*c - 3. Let p(a) = b(a) - 6*x(a). Is p(-10) prime?
True
Suppose 51*i - 8 = 47*i. Let u(b) = -21*b - 4. Let k be u(-7). Is 2336 - (i/(-13) + 451/k) composite?
False
Let u(a) = -2*a**3 - 9*a**2 + 7*a + 3. Let q be (-2 + -12)*1 - -5. Is u(q) composite?
True
Suppose 0 = y + 4, 0 = 5*p - p + y - 12. Suppose -2*j = -22*w + 26*w - 9582, 4767 = j - p*w. Is j prime?
True
Let i(z) be the third derivative of z**5/60 - 11*z**3/6 + 534*z**2. Let y(h) = 7*h**2 + h + 1. Let o be y(-1). Is i(o) prime?
False
Suppose 2*b + 33*i = 28*i + 57177, -5*b + 2*i + 142957 = 0. Is b a prime number?
True
Suppose -s - 6 = -0*s - 3*a, -4*s - 4*a - 104 = 0. Let w be 18/(-90) - s/5. Suppose -w*x + 2408 = -188. Is x composite?
True
Suppose 9 - 27 = -2*a. Let r be 3/(a/6) - -194. Suppose -2*k + 3*b = -407, 3*k = 2*k - b + r. Is k composite?
False
Suppose -3*r - 2 = y + 2, 3*y + r = -4. Let v be 6 - 4 - (y + 3). Suppose 7*i - 4*i - 1119 = v. Is i a prime number?
True
Suppose 5734997 + 15160642 = 37*h. Is h composite?
True
Let o = 24247 + -22776. Is o prime?
True
Suppose 5*g - 5015 = -4*m, -385 - 2125 = -2*m - 2*g. Suppose m = 63*x - 59*x. Suppose -3*c = 4*r - 120 - x, -c + 108 = r. Is r a prime number?
False
Let n(w) = 39554*w - 29. Is n(5) a composite number?
False
Let o = 21322 - 3553. Is o a prime number?
False
Suppose -1723 + 282 - 8336 = -u. Is u a composite number?
True
Suppose -5*p + 17*p = 0. Suppose 0 = -4*o - 2*q + 2, 3*q = q - 6. Suppose -3*j - o*j + 445 = p. Is j a composite number?
False
Let k = -43126 - -61069. Suppose w = 4*w - k. Is w composite?
False
Let c = 51131 - 15514. Is c a prime number?
True
Let m(v) be the third derivative of 17*v**5/20 - 5*v**4/24 - 5*v**3/6 - 6*v**2. Suppose -4*o + p = 2 + 11, 7 = -o + 4*p. Is m(o) prime?
False
Suppose 19*s - 84 = 12*s. Is (-4)/s*(-4)/(12/31689) a composite number?
True
Let q(d) = 579*d + 17. Let b be 1/(-3 + 16/6 - 0). Let i be ((-4)/b)/(-6 + 57/9). Is q(i) a composite number?
False
Let u = -3 + 9. Suppose 2*p + 0*p - 2*m - u = 0, 15 = 5*p + 4*m. Suppose 2872 = 3*x + p*a - 917, -5*a - 5016 = -4*x. Is x a composite number?
False
Suppose 160546 = 2*j + 4*r, 5*r + 16 = -14. Is j prime?
False
Is (76/(-6))/((-254)/206121) a prime number?
False
Let r = 168483 + 52564. Is r prime?
True
Suppose 4*j = 4*y - 676244, -5*y = 5*j - 104167 - 741078. Is y prime?
False
Suppose 4*g + 2 - 6 = 0. Let n(u) = 1362*u**2 + 2*u - 1. Is n(g) a prime number?
False
Suppose -2*j + 597726 = 4*g - 628016, -3*j + 27 = 0. Is g prime?
True
Let c be 0 - 0 - 18/(-24)*-4. Let x be ((-6)/4)/(c/4). Suppose -5140 = -5*o - 5*b, -203 = -x*o + 2*b + 1865. Is o composite?
False
Let n(w) = -31*w - 4. Let a be n(-4). Let v(d) = -d**2 - 24*d - 21. Let p be v(-23). Suppose 190 + a = p*x. Is x a composite number?
True
Let o(m) = -3*m**3 + 15*m**2 - 357*m + 11. Is o(-24) a composite